pose 0 = -6*g + 11 - 5. Let c(s) = -18*s. Let q be c(g). Let p = q - -12. Determine h(p).
-2
Let u(d) be the second derivative of -d**3/6 + 9*d**2 + 139*d. Calculate u(14).
4
Let h(s) = -s**3 - 5*s**2 + 5*s + 5. Suppose -4*i - 45 = -3*q - 36, -5*q - 13 = -2*i. Calculate h(i).
11
Suppose -7*b + 216 = 671. Let y = b + 64. Let k(f) be the first derivative of -f**2/2 + f + 1. Calculate k(y).
2
Let u(r) = 3*r**2 + 4*r + 2. Let i be u(-2). Suppose 4 = 5*l - i. Let b(k) = 2*k**3 - 2*k**2 + 2*k - 3. Determine b(l).
9
Let o(p) = -1 + p + 3 + 1 + 4. What is o(-4)?
3
Let j(a) be the third derivative of a**6/120 + a**5/20 - a**4/12 - a**3 + 88*a**2. Give j(-5).
-46
Let g(v) = -6*v + 4 + 32*v**2 + 24*v**2 - 84*v**2 + 29*v**2 - 7. Suppose 14 - 9 = t. Determine g(t).
-8
Let t = -5190 - -5189. Let f(k) be the second derivative of k**5/12 + k**4/24 - k**3/3 + k. Let h(p) be the second derivative of f(p). Give h(t).
-9
Let w(p) = p**2 - 6*p + 5. Suppose 0 = 5*c + 8 - 3. Let s = 3 - c. Determine w(s).
-3
Let x(t) = -t**2 - 12*t + 29. Let d be 154/22 + -1*21. Give x(d).
1
Let d(r) = 403*r - 1 - 202*r - 205*r. Give d(-4).
15
Let t(l) = 4*l**3 - l**2 + 2*l. Suppose -4*i = -0*i - 3*a - 2, 3*i = 4*a - 2. What is t(i)?
32
Let v(b) = -b - 2. Suppose -j = y - 11, 9*j - 4*j + 3*y - 59 = 0. Suppose -t + j = 11. Determine v(t).
-4
Let m(r) be the third derivative of -r**4/12 - 5*r**3/6 + 139*r**2. What is m(-5)?
5
Let x(o) = o + 7. Let n(v) = -9*v - 21. Let z be n(-2). Determine x(z).
4
Let p(a) = a**3 + 6*a**2 - 4*a - 8. Let i be p(-6). Suppose 0*t + 4*t - i = 0. Let y(j) be the first derivative of -j**3/3 + j**2 - j - 1. Give y(t).
-9
Let x(o) be the third derivative of o**8/20160 - o**7/840 + o**6/720 - o**5/6 + 3*o**2. Let k(l) be the third derivative of x(l). Let c = 13 + -8. What is k(c)?
-4
Let v = 82 - -56. Let i = 135 - v. Let u(o) = -o**2 - 2*o - 1. Give u(i).
-4
Let d be (5 - 4)*(-1 - 5). Let g(y) = -2*y**2 - 13*y + 26. Let m(o) = o**2 + 7*o - 15. Let v(b) = 4*g(b) + 7*m(b). What is v(d)?
-19
Suppose 0 = 5*q - 4*a - 29, 5*q + 5*a - 12 = 8. Let g(h) = -92 - 4*h + q*h + 92 - 15*h**3. Let y = -5 - -6. Calculate g(y).
-14
Let b(v) be the second derivative of -2*v**3/3 + v**2/2 - 13*v. Suppose -1 = 2*x + 3*q + 2*q, -x = -2*q - 4. Give b(x).
-7
Suppose 4*y - 2*n + 42 - 102 = 0, -4*n = -2*y + 36. Let j(f) = f**2 - 13*f - 16. Give j(y).
-2
Let j(o) = o - 3. Suppose -61*b + 56*b = 105. Suppose k - 5*s + 6 = -13, 3*s - 57 = 3*k. Let r = k - b. What is j(r)?
-1
Let p(g) be the third derivative of g**4/8 + 2*g**3/3 - 3*g**2. Let b = -74 - -70. Determine p(b).
-8
Let t(c) be the second derivative of c**4/12 - 5*c**3/6 - 8*c**2 + 16*c - 2. Calculate t(7).
-2
Let f(k) = k**3 - 9*k**2 + 8*k + 8. Suppose -4*z = -5*t - 69, -3*z + 2*t - 5*t + 45 = 0. Suppose 2*o = 4*d + 4*o - 32, 0 = 2*d - 4*o - z. Give f(d).
8
Let j = -46 + 85. Suppose 44*a - j*a = 15. Suppose g = 4*m - 8, a*m - 2*m + 3*g = 15. Let t(h) = -5*h - 3. What is t(m)?
-18
Let c = -298 + 317. Let y(o) = o**3 - 20*o**2 + 21*o - 40. Give y(c).
-2
Let d(p) = p. Let i(k) = -k**3 - 8*k**2 + k - 1. Let m be i(-8). Calculate d(m).
-9
Let l(y) = -2*y**2 + y + 3. Let v(x) = 19*x**2 - 3*x - 18. Let a(c) = 6*l(c) + v(c). Give a(-2).
22
Let b(h) = -2*h + 2. Let n(f) = f**2 + 2*f - 1. Let j(r) = 3*b(r) + 4*n(r). Calculate j(-1).
4
Let s(u) = u**3 - 11*u**2 + 16 - 4 - u - 5 + 6. Suppose -3*g + 27 = 3*h, h + 3*h + 41 = 3*g. Determine s(g).
2
Let a(i) = 3*i - 9. Let h be a(9). Suppose 0 = -14*p - 38 - h. Let k(q) = -q**3 - 5*q**2. Determine k(p).
-16
Let f(k) = k**3 + 4*k**2 - 2*k + 6. Suppose 0*z - 46 = 3*t + 2*z, -4*z + 34 = -3*t. Let s = t - -9. Give f(s).
-9
Let y(x) = -3 + 10*x + 0 + 0*x. Let a(t) = -5*t**2 + 2*t + 2. Let v be a(0). Calculate y(v).
17
Let v(d) = -3*d**2 + d + 3. Let c(q) = 4*q**2 - 2*q - 2. Let f(u) = -4*c(u) - 5*v(u). Determine f(6).
-25
Let p(x) = -2*x**3 + 3*x**2 + 3*x + 4. Let g be p(3). Let n be (-35)/(-49) + (-4)/g. Suppose y - 2 = -n. Let a(q) = 4*q - 1. Calculate a(y).
3
Suppose -128*o = -136*o + 8. Suppose -4*z - 11 = -71. Let a(n) = -5*n + 1 - z*n**2 - n + 5*n. Determine a(o).
-15
Let o(y) be the second derivative of y**6/240 + y**5/60 - y**4/2 + 8*y. Let j(r) be the third derivative of o(r). Suppose -44 + 14 = 6*b. Determine j(b).
-13
Let w(d) = d**3 - 4*d**2 - d + 1. Let z(o) = -10*o + 4. Let l be z(3). Let f = l - -30. Give w(f).
-3
Let s(y) = -y**2 + 6*y - 2. Let u(i) be the second derivative of -7*i**5/20 + i**2/2 - 31*i. Let c be u(-1). Give s(c).
-18
Suppose 3 = g - 2. Let p be (-2)/(-10) - (-19)/g. Let n(a) = 2*a + 2 + p*a**2 - a**3 + 2 + 2*a. Determine n(5).
-1
Let j(d) = d + 2. Let z be j(13). Suppose 4*l - 2*h + h = 8, -5*l - 5*h = z. Let t(q) = -5*q - 1 + 2 + q. Determine t(l).
-3
Let m(o) = -o**2 - 6*o + 1. Let t be 5/((-25)/20) - 2. Let q be m(t). Let n(k) be the first derivative of 5*k**3/3 + k**2/2 - k - 1. Give n(q).
5
Let k(w) = -4*w + 2. Let t be 12/15 + 8/20*18. Suppose -40 = 5*r + 4*f + 2, -2*f = r + 12. Let d = r + t. Give k(d).
-6
Suppose 3*i - 12 + 66 = 0. Let c = 14 + i. Let b(q) = q**2 + q - 3. Determine b(c).
9
Let k(x) = -x**2 - 7*x + 9. Let h = 60 + -60. Let m be -7*((-2)/(-2) - h). Determine k(m).
9
Let n(f) = -7*f - 301. Let o be n(-44). Let l(s) = s**2 - 5*s + 4. Give l(o).
18
Let i(g) be the second derivative of -g**6/144 - g**5/60 + 3*g**4/4 - 20*g. Let n(p) be the third derivative of i(p). Give n(4).
-22
Let i(u) = 7*u**2 - 2*u - 3. Let c(z) = -8*z**2 + z + 4. Let a(d) = 3*c(d) + 2*i(d). Let m(p) = -p**2 + 1. Let v(h) = -a(h) + 6*m(h). What is v(1)?
5
Let v(a) = -a**3 + 7*a**2 + 4*a + 1. Let g be v(7). Let r = 24 - g. Let f(y) = -y**2 - 5*y + 3. Give f(r).
3
Suppose -v + 3 - 1 = 0. Suppose 2 = v*q - q. Let x(d) = -6*d**2 + 11*d**2 - 3 + q. Calculate x(1).
4
Let q(y) be the third derivative of y**5/60 - 7*y**4/24 - 31*y**3/6 + 153*y**2. Give q(10).
-1
Let c(t) = -t**2 + 2. Let l(w) = w**2 - w - 2. Let p be l(-1). Let b be c(p). Let g(a) = -2 + 0 + 7*a - 3 - a**2 - b. What is g(6)?
-1
Let y(w) be the first derivative of w**2 - 2*w + 1. Let m = 1004 + -1010. Calculate y(m).
-14
Let u(j) = -j + 7. Let m(g) = 6*g + 6 + 0 + 0*g - g. Let k be m(0). What is u(k)?
1
Let h(a) = a - 114*a**2 + 5 + 113*a**2 + 3*a. Give h(5).
0
Suppose -3*r = 3*p + 33, 0 - 6 = 3*p. Let u(t) = -5*t - 14. Let z(x) = -4*x - 14. Let c(y) = -3*u(y) + 4*z(y). Determine c(r).
-5
Let i be (-4 - -2)/((-12)/(-30)). Let v(s) = -2*s**2 - 6*s + 5. What is v(i)?
-15
Let g = 20 - 21. Let z(f) = -f. Let c(m) = 3*m - 7. Let s(w) = g*c(w) - 2*z(w). What is s(6)?
1
Let s(w) = w**3 + 5*w**2 + w - 3. Let z(l) = 3*l**3 + 14*l**2 + 3*l - 10. Let k(i) = -11*s(i) + 4*z(i). Let j = -595 - -595. Give k(j).
-7
Let y(r) = -r**3 + r**2 - 2*r - 26. Suppose 25 = -5*s - 5*m, 4*m = 3*s + 2*m - 10. Determine y(s).
-26
Let f be (-16)/2*(-1)/2. Let u(c) = -17*c**2 - 4*c + 1. Let k(z) = 43*z**2 + 8*z - 2. Let p(a) = -2*k(a) - 5*u(a). Give p(f).
-1
Suppose 3*d - 15 = -5*o - 2*d, -5*d = -15. Suppose 8 = n - 7. Suppose o = 4*t + t + n. Let y(f) = 4*f + 3. What is y(t)?
-9
Let j be -2*1 - (-2)/2. Let t(w) be the third derivative of w**4/6 - w**3/6 + 35*w**2 + 2. Let q be t(j). Let y(g) = g - 2. Determine y(q).
-7
Let a(r) = 2*r**2 - 29*r + 35. Let y(s) = -s**2 + 14*s - 17. Let k(m) = -6*a(m) - 13*y(m). Let x be k(6). Let t(v) = 2*v**2 + v. What is t(x)?
1
Let r(c) = 6*c**2 - 40*c + 7. Let m(f) = -5*f**2 + 34*f - 7. Let j(z) = -7*m(z) - 6*r(z). Determine j(-3).
-8
Let x(h) = h**2 - 5*h - 7. Suppose -10*c - 10 = -80. Let r be x(c). Let s(w) = -w + 11. Give s(r).
4
Let b(v) = -3*v**3 + 4*v**3 - 3*v**2 - 2*v**3 - 3*v + 2 + 2*v**3. Let z(x) = 2*x**2 + 40*x + 41. Let n be z(-19). Give b(n).
-7
Let x(s) be the first derivative of -s**4/4 - s**3/3 + 5*s**2/2 + 3*s - 86. What is x(-3)?
6
Let a(h) = -204 + 3*h + 202 - 4*h. Determine a(10).
-12
Let w(b) = -b**2 + 3*b. Let j be w(0). Let m be -1*1*(-6 + j). Let q(o) = o**2 - 5*o - 4. Determine q(m).
2
Let l(p) = -5*p - 4. Let y(s) = -2*s - 2*s - 2*s + 0*s - 5. Let i(g) = -5*l(g) + 4*y(g). What is i(-3)?
-3
Let w(v) be the second derivative of -v**3/6 + v**2 + v + 46. What is w(-3)?
5
Let c(r) = 13*r**2 + 1 - 2*r + 9*r**2 + 3*r - 33*r**2. What is c(-1)?
-11
Let w(l) = l**3 + 6*l**2 + 6*l + 5. Let d